{"id":3017,"date":"2026-05-11T10:53:42","date_gmt":"2026-05-11T15:53:42","guid":{"rendered":"https:\/\/estrategia.ufac.br\/?page_id=3017"},"modified":"2026-05-11T11:45:54","modified_gmt":"2026-05-11T16:45:54","slug":"cap-iniciativas-estrategicas","status":"publish","type":"page","link":"https:\/\/estrategia.ufac.br\/?page_id=3017","title":{"rendered":"CAP &#8211; Iniciativas Estrat\u00e9gicas"},"content":{"rendered":"\t\t<div data-elementor-type=\"wp-page\" data-elementor-id=\"3017\" class=\"elementor elementor-3017\">\n\t\t\t\t<div class=\"elementor-element elementor-element-5eb89e8 e-flex e-con-boxed e-con e-parent\" data-id=\"5eb89e8\" data-element_type=\"container\" data-e-type=\"container\">\n\t\t\t\t\t<div class=\"e-con-inner\">\n\t\t\t\t<div class=\"elementor-element elementor-element-186b053 elementor-widget__width-inherit elementor-widget elementor-widget-heading\" data-id=\"186b053\" data-element_type=\"widget\" data-e-type=\"widget\" data-widget_type=\"heading.default\">\n\t\t\t\t<div class=\"elementor-widget-container\">\n\t\t\t\t\t<h2 class=\"elementor-heading-title elementor-size-default\">CAP - Iniciativas Estrat\u00e9gicas<\/h2>\t\t\t\t<\/div>\n\t\t\t\t<\/div>\n\t\t\t\t<div class=\"elementor-element elementor-element-02d6978 elementor-widget elementor-widget-spacer\" data-id=\"02d6978\" data-element_type=\"widget\" data-e-type=\"widget\" data-widget_type=\"spacer.default\">\n\t\t\t\t<div class=\"elementor-widget-container\">\n\t\t\t\t\t\t\t<div class=\"elementor-spacer\">\n\t\t\t<div class=\"elementor-spacer-inner\"><\/div>\n\t\t<\/div>\n\t\t\t\t\t\t<\/div>\n\t\t\t\t<\/div>\n\t\t\t\t\t<\/div>\n\t\t\t\t<\/div>\n\t\t<div class=\"elementor-element elementor-element-e098390 e-flex e-con-boxed e-con e-parent\" data-id=\"e098390\" data-element_type=\"container\" data-e-type=\"container\">\n\t\t\t\t\t<div class=\"e-con-inner\">\n\t\t\t\t<div class=\"elementor-element elementor-element-a44b0b3 elementor-widget elementor-widget-html\" data-id=\"a44b0b3\" data-element_type=\"widget\" data-e-type=\"widget\" data-widget_type=\"html.default\">\n\t\t\t\t<div class=\"elementor-widget-container\">\n\t\t\t\t\t<style>\n    :root {\n        --cor-borda-fina: #e0e0e0;\n        --cor-texto-principal: #333;\n        --cor-texto-secundario: #999;\n        --cor-azul-destaque: #000080;\n        --cor-fundo-barra: #f0f0f0;\n    }\n\n    .container-indicador {\n        background-color: #fff;\n        width: 100%;\n        border: 1px solid var(--cor-borda-fina);\n        border-radius: 8px;\n        padding: 20px 25px;\n        margin-bottom: 15px;\n        display: flex;\n        align-items: center;\n        position: relative;\n        box-shadow: 0 2px 4px rgba(0,0,0,0.05);\n        font-family: Rawline, Raleway, sans-serif;\n        transition: transform 0.3s ease, box-shadow 0.3s ease;\n    }\n    .container-indicador:hover {\n    transform: scale(1.02); \n    box-shadow: 0 8px 16px rgba(0,0,0,0.1);\n    z-index: 10; \n}\n\n    \/* A linha azul lateral na esquerda *\/\n    .container-indicador::before {\n        content: \"\";\n        position: absolute;\n        left: 0;\n        height: 100%;\n        width: 4px;\n        background-color: var(--cor-azul-destaque);\n        border-radius: 0 4px 4px 0;\n    }\n\n    .codigo-item {\n        color: var(--cor-texto-secundario);\n        font-size: 14px;\n        margin-right: 20px;\n        min-width: 30px;\n    }\n\n    .titulo-item {\n        flex-grow: 1;\n        color: var(--cor-texto-principal);\n        font-weight: 600;\n        font-size: 16px;\n    }\n\n    .secao-progresso {\n        display: flex;\n        align-items: center;\n        gap: 15px;\n        min-width: 200px;\n    }\n\n    .barra-fundo {\n        width: 100px;\n        height: 8px;\n        background-color: var(--cor-fundo-barra);\n        border-radius: 4px;\n        overflow: hidden;\n    }\n\n    .barra-preenchimento {\n        height: 100%;\n        background-color: var(--cor-azul-destaque);\n        border-radius: 4px;\n    }\n\n    .porcentagem {\n        color: var(--cor-texto-secundario);\n        font-size: 14px;\n        width: 35px;\n        text-align: right;\n    }\n\n    .icone-seta {\n        color: var(--cor-texto-secundario);\n        margin-left: 15px;\n        cursor: pointer;\n        font-size: 12px;\n        transition: transform 0.3s;\n    }\n\n    .icone-seta:hover {\n        transform: translateY(2px);\n    }\n    a{text-decoration:none;}\n<\/style>\n\n\n\n \n\n\n\n <!--IE1-->\n<a href=\"https:\/\/estrategia.ufac.br\/?page_id=3025\" style=\"text-decoration:none;\">\n    <div class=\"container-indicador\">\n        <span class=\"codigo-item\">IE1<\/span>\n        <div class=\"titulo-item\">Desenvolvimento de projetos voltados para o Enem\ncom os alunos do ensino m\u00e9dio<\/div>\n        \n        <div class=\"secao-progresso\">\n            <div class=\"barra-fundo\">\n                <div class=\"barra-preenchimento\" style=\"width: 50%;\"><\/div>\n            <\/div>\n            <span class=\"porcentagem\">50%<\/span>\n        <\/div>\n    <\/div>\n<\/a>\n     <!--IE2-->\n<a href=\"https:\/\/estrategia.ufac.br\/?page_id=3030\" style=\"text-decoration:none;\">\n     <div class=\"container-indicador\">\n        <span class=\"codigo-item\">IE2<\/span>\n        <div class=\"titulo-item\">Revis\u00e3o e atualiza\u00e7\u00e3o do curr\u00edculo para incorporar metodologias\nativas e abordagens interdisciplinares com foco no Enem<\/div>\n        \n        <div class=\"secao-progresso\">\n            <div class=\"barra-fundo\">\n                <div class=\"barra-preenchimento\" style=\"width: 50%;\"><\/div>\n            <\/div>\n            <span class=\"porcentagem\">50%<\/span>\n        <\/div>\n    <\/div>\n<\/a>\n    <!--IE3-->\n<a href=\"https:\/\/estrategia.ufac.br\/?page_id=3038\" style=\"text-decoration:none;\">\n    <div class=\"container-indicador\">\n        <span class=\"codigo-item\">IE3<\/span>\n        <div class=\"titulo-item\">Organiza\u00e7\u00e3o de eventos como feiras de ci\u00eancias, competi\u00e7\u00f5es acad\u00eamicas\ne exposi\u00e7\u00f5es culturais para engajar alunos e a comunidade<\/div>\n        \n        <div class=\"secao-progresso\">\n            <div class=\"barra-fundo\">\n                <div class=\"barra-preenchimento\" style=\"width: 50%;\"><\/div>\n            <\/div>\n            <span class=\"porcentagem\">50%<\/span>\n        <\/div>\n    <\/div>\n<\/a>\n     <!--IE4-->\n<a href=\"https:\/\/estrategia.ufac.br\/?page_id=3049\" style=\"text-decoration:none;\">\n    <div class=\"container-indicador\">\n        <span class=\"codigo-item\">IE4<\/span>\n        <div class=\"titulo-item\">Amplia\u00e7\u00e3o do est\u00edmulo ao esporte, ao lazer e \u00e0 promo\u00e7\u00e3o da Sa\u00fade\nna forma\u00e7\u00e3o dos estudantes<\/div>\n        \n        <div class=\"secao-progresso\">\n            <div class=\"barra-fundo\">\n                <div class=\"barra-preenchimento\" style=\"width: 30%;\"><\/div>\n            <\/div>\n            <span class=\"porcentagem\">30%<\/span>\n        <\/div>\n    <\/div>\n<\/a>\n    <!--IE5-->\n<a href=\"https:\/\/estrategia.ufac.br\/?page_id=3057\" style=\"text-decoration:none;\">\n    <div class=\"container-indicador\">\n        <span class=\"codigo-item\">IE5<\/span>\n        <div class=\"titulo-item\">Desenvolvimento de programas e pr\u00e1ticas para garantir a\ninclus\u00e3o de alunos com necessidades especiais<\/div>\n        \n        <div class=\"secao-progresso\">\n            <div class=\"barra-fundo\">\n                <div class=\"barra-preenchimento\" style=\"width: 30%;\"><\/div>\n            <\/div>\n            <span class=\"porcentagem\">30%<\/span>\n        <\/div>\n    <\/div>\n<\/a>\n    <!--IE6-->\n<a href=\"https:\/\/estrategia.ufac.br\/?page_id=3069\" style=\"text-decoration:none;\">\n    <div class=\"container-indicador\">\n        <span class=\"codigo-item\">IE6<\/span>\n        <div class=\"titulo-item\">Cria\u00e7\u00e3o de uma sala de recursos multifuncionais estruturada<\/div>\n        \n        <div class=\"secao-progresso\">\n            <div class=\"barra-fundo\">\n                <div class=\"barra-preenchimento\" style=\"width: 40%;\"><\/div>\n            <\/div>\n            <span class=\"porcentagem\">40%<\/span>\n        <\/div>\n    <\/div>\n<\/a>\n\n<a href=\"https:\/\/estrategia.ufac.br\/?page_id=3080\" style=\"text-decoration:none;\">\n    <div class=\"container-indicador\">\n        <span class=\"codigo-item\">IE7<\/span>\n        <div class=\"titulo-item\">Promover a forma\u00e7\u00e3o continuada dos docentes, TAE\u2019s e bolsistas\npara a aquisi\u00e7\u00e3o de habilidades adequadas \u00e0s necessidades dos\nalunos com defici\u00eancias<\/div>\n        \n        <div class=\"secao-progresso\">\n            <div class=\"barra-fundo\">\n                <div class=\"barra-preenchimento\" style=\"width: 50%;\"><\/div>\n            <\/div>\n            <span class=\"porcentagem\">50%<\/span>\n        <\/div>\n    <\/div>\n<\/a>\n\n\n\n\t\t\t\t<\/div>\n\t\t\t\t<\/div>\n\t\t\t\t\t<\/div>\n\t\t\t\t<\/div>\n\t\t\t\t<\/div>\n\t\t","protected":false},"excerpt":{"rendered":"<p>CAP &#8211; Iniciativas Estrat\u00e9gicas IE1 Desenvolvimento de projetos voltados para o Enem com os alunos do ensino m\u00e9dio 50% IE2 Revis\u00e3o e atualiza\u00e7\u00e3o do curr\u00edculo para incorporar metodologias ativas e abordagens interdisciplinares com foco no Enem 50% IE3 Organiza\u00e7\u00e3o de eventos como feiras de ci\u00eancias, competi\u00e7\u00f5es acad\u00eamicas e exposi\u00e7\u00f5es culturais para engajar alunos e a&hellip; <a class=\"more-link\" href=\"https:\/\/estrategia.ufac.br\/?page_id=3017\">Continue lendo <span class=\"screen-reader-text\">CAP &#8211; Iniciativas Estrat\u00e9gicas<\/span><\/a><\/p>\n","protected":false},"author":1,"featured_media":0,"parent":0,"menu_order":0,"comment_status":"closed","ping_status":"closed","template":"","meta":{"footnotes":""},"class_list":["post-3017","page","type-page","status-publish","hentry","entry"],"_links":{"self":[{"href":"https:\/\/estrategia.ufac.br\/index.php?rest_route=\/wp\/v2\/pages\/3017"}],"collection":[{"href":"https:\/\/estrategia.ufac.br\/index.php?rest_route=\/wp\/v2\/pages"}],"about":[{"href":"https:\/\/estrategia.ufac.br\/index.php?rest_route=\/wp\/v2\/types\/page"}],"author":[{"embeddable":true,"href":"https:\/\/estrategia.ufac.br\/index.php?rest_route=\/wp\/v2\/users\/1"}],"replies":[{"embeddable":true,"href":"https:\/\/estrategia.ufac.br\/index.php?rest_route=%2Fwp%2Fv2%2Fcomments&post=3017"}],"version-history":[{"count":28,"href":"https:\/\/estrategia.ufac.br\/index.php?rest_route=\/wp\/v2\/pages\/3017\/revisions"}],"predecessor-version":[{"id":3087,"href":"https:\/\/estrategia.ufac.br\/index.php?rest_route=\/wp\/v2\/pages\/3017\/revisions\/3087"}],"wp:attachment":[{"href":"https:\/\/estrategia.ufac.br\/index.php?rest_route=%2Fwp%2Fv2%2Fmedia&parent=3017"}],"curies":[{"name":"wp","href":"https:\/\/api.w.org\/{rel}","templated":true}]}}