{"id":2706,"date":"2026-05-07T11:03:51","date_gmt":"2026-05-07T16:03:51","guid":{"rendered":"https:\/\/estrategia.ufac.br\/?page_id=2706"},"modified":"2026-05-07T11:05:46","modified_gmt":"2026-05-07T16:05:46","slug":"programa-de-acompanhamento-dos-bolsistas-da-proaes-em-conjunto-com-as-coordenacoes-e-docentes-dos-respectivos-cursos","status":"publish","type":"page","link":"https:\/\/estrategia.ufac.br\/?page_id=2706","title":{"rendered":"Programa de Acompanhamento dos bolsistas da Proaes em conjunto com as coordena\u00e7\u00f5es e docentes dos respectivos cursos."},"content":{"rendered":"\t\t<div data-elementor-type=\"wp-page\" data-elementor-id=\"2706\" class=\"elementor elementor-2706\">\n\t\t\t\t<div class=\"elementor-element elementor-element-dbaf362 e-flex e-con-boxed e-con e-parent\" data-id=\"dbaf362\" data-element_type=\"container\" data-e-type=\"container\">\n\t\t\t\t\t<div class=\"e-con-inner\">\n\t\t\t\t<div class=\"elementor-element elementor-element-85b9abf elementor-widget elementor-widget-heading\" data-id=\"85b9abf\" data-element_type=\"widget\" data-e-type=\"widget\" data-widget_type=\"heading.default\">\n\t\t\t\t<div class=\"elementor-widget-container\">\n\t\t\t\t\t<h2 class=\"elementor-heading-title elementor-size-default\">Unidade Respons\u00e1vel<\/h2>\t\t\t\t<\/div>\n\t\t\t\t<\/div>\n\t\t\t\t<div class=\"elementor-element elementor-element-30af54e elementor-widget elementor-widget-text-editor\" data-id=\"30af54e\" data-element_type=\"widget\" data-e-type=\"widget\" data-widget_type=\"text-editor.default\">\n\t\t\t\t<div class=\"elementor-widget-container\">\n\t\t\t\t\t\t\t\t\t<p>PROAES\/DDE<\/p>\t\t\t\t\t\t\t\t<\/div>\n\t\t\t\t<\/div>\n\t\t\t\t<div class=\"elementor-element elementor-element-88adc5c elementor-widget elementor-widget-heading\" data-id=\"88adc5c\" data-element_type=\"widget\" data-e-type=\"widget\" data-widget_type=\"heading.default\">\n\t\t\t\t<div class=\"elementor-widget-container\">\n\t\t\t\t\t<h2 class=\"elementor-heading-title elementor-size-default\">Programa de Acompanhamento de bolsistas<\/h2>\t\t\t\t<\/div>\n\t\t\t\t<\/div>\n\t\t\t\t<div class=\"elementor-element elementor-element-70e04e2 elementor-widget elementor-widget-text-editor\" data-id=\"70e04e2\" data-element_type=\"widget\" data-e-type=\"widget\" data-widget_type=\"text-editor.default\">\n\t\t\t\t<div class=\"elementor-widget-container\">\n\t\t\t\t\t\t\t\t\t<p><span style=\"font-size: 16.8px;\">Programa de Acompanhamento dos bolsistas da <\/span><span style=\"font-size: 16.8px;\">Proaes em conjunto com as coordena\u00e7\u00f5es e <\/span><span style=\"font-size: 16.8px;\">docentes dos respectivos cursos.<\/span><\/p>\t\t\t\t\t\t\t\t<\/div>\n\t\t\t\t<\/div>\n\t\t\t\t\t<\/div>\n\t\t\t\t<\/div>\n\t\t<div class=\"elementor-element elementor-element-d1f18ca e-grid e-con-boxed e-con e-parent\" data-id=\"d1f18ca\" data-element_type=\"container\" data-e-type=\"container\">\n\t\t\t\t\t<div class=\"e-con-inner\">\n\t\t<div class=\"elementor-element elementor-element-af74433 e-con-full e-flex e-con e-child\" data-id=\"af74433\" data-element_type=\"container\" data-e-type=\"container\">\n\t\t\t\t<div class=\"elementor-element elementor-element-4716aae elementor-widget elementor-widget-heading\" data-id=\"4716aae\" data-element_type=\"widget\" data-e-type=\"widget\" data-widget_type=\"heading.default\">\n\t\t\t\t<div class=\"elementor-widget-container\">\n\t\t\t\t\t<h2 class=\"elementor-heading-title elementor-size-default\">Respons\u00e1vel pelo preenchimento <\/h2>\t\t\t\t<\/div>\n\t\t\t\t<\/div>\n\t\t\t\t<div class=\"elementor-element elementor-element-c8dd5d9 elementor-widget elementor-widget-text-editor\" data-id=\"c8dd5d9\" data-element_type=\"widget\" data-e-type=\"widget\" data-widget_type=\"text-editor.default\">\n\t\t\t\t<div class=\"elementor-widget-container\">\n\t\t\t\t\t\t\t\t\t<p>FRANCISCO PINHEIRO DE ASSIS<\/p>\t\t\t\t\t\t\t\t<\/div>\n\t\t\t\t<\/div>\n\t\t\t\t<\/div>\n\t\t<div class=\"elementor-element elementor-element-8e734c0 e-con-full e-flex e-con e-child\" data-id=\"8e734c0\" data-element_type=\"container\" data-e-type=\"container\">\n\t\t\t\t<div class=\"elementor-element elementor-element-18349f6 elementor-widget elementor-widget-heading\" data-id=\"18349f6\" data-element_type=\"widget\" data-e-type=\"widget\" data-widget_type=\"heading.default\">\n\t\t\t\t<div class=\"elementor-widget-container\">\n\t\t\t\t\t<h2 class=\"elementor-heading-title elementor-size-default\">Data preenchimento<\/h2>\t\t\t\t<\/div>\n\t\t\t\t<\/div>\n\t\t\t\t<div class=\"elementor-element elementor-element-19cdeb2 elementor-widget elementor-widget-text-editor\" data-id=\"19cdeb2\" data-element_type=\"widget\" data-e-type=\"widget\" data-widget_type=\"text-editor.default\">\n\t\t\t\t<div class=\"elementor-widget-container\">\n\t\t\t\t\t\t\t\t\t<p>04\/03\/2026<\/p>\t\t\t\t\t\t\t\t<\/div>\n\t\t\t\t<\/div>\n\t\t\t\t<\/div>\n\t\t\t\t\t<\/div>\n\t\t\t\t<\/div>\n\t\t<div class=\"elementor-element elementor-element-fd6e17a e-flex e-con-boxed e-con e-parent\" data-id=\"fd6e17a\" data-element_type=\"container\" data-e-type=\"container\">\n\t\t\t\t\t<div class=\"e-con-inner\">\n\t\t<div class=\"elementor-element elementor-element-3e6f237 e-con-full e-flex e-con e-child\" data-id=\"3e6f237\" data-element_type=\"container\" data-e-type=\"container\">\n\t\t\t\t<div class=\"elementor-element elementor-element-b600d50 elementor-widget elementor-widget-heading\" data-id=\"b600d50\" data-element_type=\"widget\" data-e-type=\"widget\" data-widget_type=\"heading.default\">\n\t\t\t\t<div class=\"elementor-widget-container\">\n\t\t\t\t\t<h2 class=\"elementor-heading-title elementor-size-default\">A\u00e7\u00f5es realizadas em 2025<\/h2>\t\t\t\t<\/div>\n\t\t\t\t<\/div>\n\t\t\t\t<\/div>\n\t\t\t\t\t<\/div>\n\t\t\t\t<\/div>\n\t\t<div class=\"elementor-element elementor-element-8f607b6 e-flex e-con-boxed e-con e-parent\" data-id=\"8f607b6\" data-element_type=\"container\" data-e-type=\"container\">\n\t\t\t\t\t<div class=\"e-con-inner\">\n\t\t\t\t<div class=\"elementor-element elementor-element-5a28882 elementor-widget elementor-widget-html\" data-id=\"5a28882\" data-element_type=\"widget\" data-e-type=\"widget\" data-widget_type=\"html.default\">\n\t\t\t\t<div class=\"elementor-widget-container\">\n\t\t\t\t\t\r\n<style>\r\n  \r\n    table {\r\n        border-collapse: collapse;\r\n        width: 100%;\r\n        color: #333;\r\n        font-size: 14px;\r\n        text-align: left;\r\n    }\r\n\r\n    th {\r\n        font-weight: 600;\r\n        text-transform: uppercase;\r\n        letter-spacing: 0.05em;\r\n        border-bottom: 2px solid #eee;\r\n        padding: 12px 15px;\r\n    }\r\n\r\n    td {\r\n        padding: 12px 15px;\r\n        border-bottom: 1px solid #f0f0f0;\r\n    }\r\n\r\n    tr:last-child td {\r\n        border-bottom: none;\r\n    }\r\n\r\n    tr:hover {\r\n        background-color: #fafafa;\r\n    }\r\n<\/style>\r\n\r\n\r\n<table>\r\n    <thead>\r\n        <tr>\r\n            <th>A\u00c7\u00c3O<\/th>\r\n            <th>PRAZO INICIO<\/th>\r\n            <th>PRAZO FIM<\/th>\r\n            <th>CUSTO<\/th>\r\n            <th>STATUS<\/th>\r\n        <\/tr>\r\n    <\/thead>\r\n    <tbody>\r\n        <tr>\r\n            <td>\r\n            Realizar reuni\u00f5es com os acad\u00eamicos\r\n            bolsistas da PROAES <br>(Pr\u00f3-Reitoria de\r\n            Assuntos Estudantis) para\r\n            acompanhar o<br> desempenho\r\n            acad\u00eamico.<\/td>\r\n            <td>02\/01\/2025<\/td>\r\n            <td>30\/03\/2025<\/td>\r\n            <td>0,00<\/td>\r\n            <td>Conclu\u00edda<\/td>\r\n        <\/tr>\r\n\r\n        <tr>\r\n            <td>\r\n            Instituir F\u00f3runs de Assist\u00eancia\r\n            Estudantil e Ind\u00edgenas e n\u00e3o\r\n            <br>ind\u00edgenas um no primeiro e no\r\n            segundo semestre e reuni\u00f5es<br>\r\n            presenciais e h\u00edbridas entre a gest\u00e3o\r\n            universit\u00e1ria e as <br>representa\u00e7\u00f5es\r\n            estudantis.<\/td>\r\n            <td>01\/04\/2025<\/td>\r\n            <td>30\/06\/2025<\/td>\r\n            <td>0,00<\/td>\r\n            <td>Conclu\u00edda<\/td>\r\n        <\/tr>\r\n          <tr>\r\n            <td> Dar continuidade ao projeto\r\n            piloto de acompanhamento<br> que identifica quando o estudante est\u00e3o\r\n            com problema de<br> sa\u00fade, familiar ou\r\n            social auxiliar para procurar ajuda\r\n            nos <br>setores competentes.<\/td>\r\n            <td>07\/07\/2025<\/td>\r\n            <td>30\/08\/2025<\/td>\r\n            <td>0,00<\/td>\r\n            <td>Conclu\u00edda<\/td>\r\n        <\/tr>\r\n          <tr>\r\n            <td>\r\n            <B>Aperfei\u00e7oar grupos de comunica\u00e7\u00e3o\r\n            entre alunos e <br> PROAES - UFAC <\/B>\u2013 e\r\n            estimular a participa\u00e7\u00e3o estudantil<br>\r\n            em eventos e atividades promovidas\r\n            pela PROAES.<\/td>\r\n            <td>02\/09\/2025<\/td>\r\n            <td>31\/10\/2025<\/td>\r\n            <td>0,00<\/td>\r\n            <td>Conclu\u00edda<\/td>\r\n        <\/tr>\r\n        \r\n       \r\n        \r\n    <\/tbody>\r\n<\/table>\r\n\t\t\t\t<\/div>\n\t\t\t\t<\/div>\n\t\t\t\t<div class=\"elementor-element elementor-element-b32088d elementor-widget elementor-widget-spacer\" data-id=\"b32088d\" data-element_type=\"widget\" data-e-type=\"widget\" data-widget_type=\"spacer.default\">\n\t\t\t\t<div class=\"elementor-widget-container\">\n\t\t\t\t\t\t\t<div class=\"elementor-spacer\">\n\t\t\t<div class=\"elementor-spacer-inner\"><\/div>\n\t\t<\/div>\n\t\t\t\t\t\t<\/div>\n\t\t\t\t<\/div>\n\t\t\t\t\t<\/div>\n\t\t\t\t<\/div>\n\t\t<div class=\"elementor-element elementor-element-71dc4ad e-flex e-con-boxed e-con e-parent\" data-id=\"71dc4ad\" data-element_type=\"container\" data-e-type=\"container\">\n\t\t\t\t\t<div class=\"e-con-inner\">\n\t\t\t\t<div class=\"elementor-element elementor-element-0cc5d7f elementor-widget elementor-widget-html\" data-id=\"0cc5d7f\" data-element_type=\"widget\" data-e-type=\"widget\" data-widget_type=\"html.default\">\n\t\t\t\t<div class=\"elementor-widget-container\">\n\t\t\t\t\t<style>\r\n\r\n        .cartao {\r\n            background: #fff;\r\n            padding: 20px;\r\n            border-radius: 12px;\r\n            width: 400px;\r\n            box-shadow: 0 4px 15px rgba(0,0,0,0.3);\r\n        }\r\n\r\n        .titulo {\r\n            font-weight: bold;\r\n            font-size: 14px;\r\n            color: #333;\r\n            margin-bottom: 5px;\r\n            display: block;\r\n        }\r\n\r\n\r\n        .fundo-barra {\r\n            background: #eee;\r\n            height: 10px;\r\n            border-radius: 5px;\r\n            overflow: hidden;\r\n            margin-bottom: 10px;\r\n        }\r\n\r\n        .progresso {\r\n            background: #000080;\r\n            height: 100%;\r\n            width: 25%; \r\n            animation: carregar 1.5s ease-out;\r\n        }\r\n\r\n        .valor {\r\n            text-align: right;\r\n            font-size: 24px;\r\n            font-weight: 800;\r\n            color: #000080;\r\n        }\r\n\r\n        @keyframes carregar {\r\n            from { width: 0; }\r\n        }\r\n    <\/style>\r\n\r\n<div>\r\n\r\n    <div class=\"cartao\">\r\n        <div class=\"titulo\">EVOLU\u00c7\u00c3O DA INICIATIVA<\/div>\r\n        <div class=\"fundo-barra\">\r\n            <div class=\"progresso\"><\/div>\r\n        <\/div>\r\n\r\n        <div class=\"valor\">25%<\/div>\r\n    <\/div>\r\n\r\n<\/div>\t\t\t\t<\/div>\n\t\t\t\t<\/div>\n\t\t\t\t\t<\/div>\n\t\t\t\t<\/div>\n\t\t\t\t<\/div>\n\t\t","protected":false},"excerpt":{"rendered":"<p>Unidade Respons\u00e1vel PROAES\/DDE Programa de Acompanhamento de bolsistas Programa de Acompanhamento dos bolsistas da Proaes em conjunto com as coordena\u00e7\u00f5es e docentes dos respectivos cursos. Respons\u00e1vel pelo preenchimento FRANCISCO PINHEIRO DE ASSIS Data preenchimento 04\/03\/2026 A\u00e7\u00f5es realizadas em 2025 A\u00c7\u00c3O PRAZO INICIO PRAZO FIM CUSTO STATUS Realizar reuni\u00f5es com os acad\u00eamicos bolsistas da PROAES (Pr\u00f3-Reitoria&hellip; <a class=\"more-link\" href=\"https:\/\/estrategia.ufac.br\/?page_id=2706\">Continue lendo <span class=\"screen-reader-text\">Programa de Acompanhamento dos bolsistas da Proaes em conjunto com as coordena\u00e7\u00f5es e docentes dos respectivos cursos.<\/span><\/a><\/p>\n","protected":false},"author":1,"featured_media":0,"parent":0,"menu_order":0,"comment_status":"closed","ping_status":"closed","template":"","meta":{"footnotes":""},"class_list":["post-2706","page","type-page","status-publish","hentry","entry"],"_links":{"self":[{"href":"https:\/\/estrategia.ufac.br\/index.php?rest_route=\/wp\/v2\/pages\/2706"}],"collection":[{"href":"https:\/\/estrategia.ufac.br\/index.php?rest_route=\/wp\/v2\/pages"}],"about":[{"href":"https:\/\/estrategia.ufac.br\/index.php?rest_route=\/wp\/v2\/types\/page"}],"author":[{"embeddable":true,"href":"https:\/\/estrategia.ufac.br\/index.php?rest_route=\/wp\/v2\/users\/1"}],"replies":[{"embeddable":true,"href":"https:\/\/estrategia.ufac.br\/index.php?rest_route=%2Fwp%2Fv2%2Fcomments&post=2706"}],"version-history":[{"count":4,"href":"https:\/\/estrategia.ufac.br\/index.php?rest_route=\/wp\/v2\/pages\/2706\/revisions"}],"predecessor-version":[{"id":2710,"href":"https:\/\/estrategia.ufac.br\/index.php?rest_route=\/wp\/v2\/pages\/2706\/revisions\/2710"}],"wp:attachment":[{"href":"https:\/\/estrategia.ufac.br\/index.php?rest_route=%2Fwp%2Fv2%2Fmedia&parent=2706"}],"curies":[{"name":"wp","href":"https:\/\/api.w.org\/{rel}","templated":true}]}}