{"id":2670,"date":"2026-05-06T14:13:56","date_gmt":"2026-05-06T19:13:56","guid":{"rendered":"https:\/\/estrategia.ufac.br\/?page_id=2670"},"modified":"2026-05-07T12:31:29","modified_gmt":"2026-05-07T17:31:29","slug":"proaes-iniciativas-estrategicas","status":"publish","type":"page","link":"https:\/\/estrategia.ufac.br\/?page_id=2670","title":{"rendered":"PROAES &#8211; Iniciativas Estrat\u00e9gicas"},"content":{"rendered":"\t\t<div data-elementor-type=\"wp-page\" data-elementor-id=\"2670\" class=\"elementor elementor-2670\">\n\t\t\t\t<div class=\"elementor-element elementor-element-b08d6e2 e-flex e-con-boxed e-con e-parent\" data-id=\"b08d6e2\" data-element_type=\"container\" data-e-type=\"container\">\n\t\t\t\t\t<div class=\"e-con-inner\">\n\t\t\t\t<div class=\"elementor-element elementor-element-80d1c3a elementor-widget__width-inherit elementor-widget elementor-widget-heading\" data-id=\"80d1c3a\" data-element_type=\"widget\" data-e-type=\"widget\" data-widget_type=\"heading.default\">\n\t\t\t\t<div class=\"elementor-widget-container\">\n\t\t\t\t\t<h2 class=\"elementor-heading-title elementor-size-default\">PROAES - Iniciativas Estrat\u00e9gicas<\/h2>\t\t\t\t<\/div>\n\t\t\t\t<\/div>\n\t\t\t\t<div class=\"elementor-element elementor-element-37c91b2 elementor-widget elementor-widget-spacer\" data-id=\"37c91b2\" data-element_type=\"widget\" data-e-type=\"widget\" data-widget_type=\"spacer.default\">\n\t\t\t\t<div class=\"elementor-widget-container\">\n\t\t\t\t\t\t\t<div class=\"elementor-spacer\">\n\t\t\t<div class=\"elementor-spacer-inner\"><\/div>\n\t\t<\/div>\n\t\t\t\t\t\t<\/div>\n\t\t\t\t<\/div>\n\t\t\t\t\t<\/div>\n\t\t\t\t<\/div>\n\t\t<div class=\"elementor-element elementor-element-676eafb e-flex e-con-boxed e-con e-parent\" data-id=\"676eafb\" data-element_type=\"container\" data-e-type=\"container\">\n\t\t\t\t\t<div class=\"e-con-inner\">\n\t\t\t\t<div class=\"elementor-element elementor-element-c3462bd elementor-widget elementor-widget-html\" data-id=\"c3462bd\" data-element_type=\"widget\" data-e-type=\"widget\" data-widget_type=\"html.default\">\n\t\t\t\t<div class=\"elementor-widget-container\">\n\t\t\t\t\t<style>\n    :root {\n        --cor-borda-fina: #e0e0e0;\n        --cor-texto-principal: #333;\n        --cor-texto-secundario: #999;\n        --cor-azul-destaque: #000080;\n        --cor-fundo-barra: #f0f0f0;\n    }\n\n    .container-indicador {\n        background-color: #fff;\n        width: 100%;\n        border: 1px solid var(--cor-borda-fina);\n        border-radius: 8px;\n        padding: 20px 25px;\n        margin-bottom: 15px;\n        display: flex;\n        align-items: center;\n        position: relative;\n        box-shadow: 0 2px 4px rgba(0,0,0,0.05);\n        font-family: Rawline, Raleway, sans-serif;\n        transition: transform 0.3s ease, box-shadow 0.3s ease;\n    }\n    .container-indicador:hover {\n    transform: scale(1.02); \n    box-shadow: 0 8px 16px rgba(0,0,0,0.1);\n    z-index: 10; \n}\n\n    \/* A linha azul lateral na esquerda *\/\n    .container-indicador::before {\n        content: \"\";\n        position: absolute;\n        left: 0;\n        height: 100%;\n        width: 4px;\n        background-color: var(--cor-azul-destaque);\n        border-radius: 0 4px 4px 0;\n    }\n\n    .codigo-item {\n        color: var(--cor-texto-secundario);\n        font-size: 14px;\n        margin-right: 20px;\n        min-width: 30px;\n    }\n\n    .titulo-item {\n        flex-grow: 1;\n        color: var(--cor-texto-principal);\n        font-weight: 600;\n        font-size: 16px;\n    }\n\n    .secao-progresso {\n        display: flex;\n        align-items: center;\n        gap: 15px;\n        min-width: 200px;\n    }\n\n    .barra-fundo {\n        width: 100px;\n        height: 8px;\n        background-color: var(--cor-fundo-barra);\n        border-radius: 4px;\n        overflow: hidden;\n    }\n\n    .barra-preenchimento {\n        height: 100%;\n        background-color: var(--cor-azul-destaque);\n        border-radius: 4px;\n    }\n\n    .porcentagem {\n        color: var(--cor-texto-secundario);\n        font-size: 14px;\n        width: 35px;\n        text-align: right;\n    }\n\n    .icone-seta {\n        color: var(--cor-texto-secundario);\n        margin-left: 15px;\n        cursor: pointer;\n        font-size: 12px;\n        transition: transform 0.3s;\n    }\n\n    .icone-seta:hover {\n        transform: translateY(2px);\n    }\n    a{text-decoration:none;}\n<\/style>\n<a href=\"https:\/\/estrategia.ufac.br\/?page_id=2684\" style=\"text-decoration:none;\">\n    <div class=\"container-indicador\">\n        <span class=\"codigo-item\">IE2<\/span>\n        <div class=\"titulo-item\">Cria\u00e7\u00e3o de Programas de A\u00e7\u00f5es Afirmativas com a\n            oferta de bolsas e aux\u00edlios<\/div>\n                                \n        <div class=\"secao-progresso\">\n            <div class=\"barra-fundo\">\n                <div class=\"barra-preenchimento\" style=\"width: 65%;\"><\/div>\n            <\/div>\n            <span class=\"porcentagem\">65%<\/span>\n        <\/div>\n    <\/div>\n<\/a>\n    <!--IE3-->\n<a href=\"https:\/\/estrategia.ufac.br\/?page_id=2695\" style=\"text-decoration:none;\">\n    <div class=\"container-indicador\">\n        <span class=\"codigo-item\">IE3<\/span>\n        <div class=\"titulo-item\">Desburocratiza\u00e7\u00e3o do acesso \u00e0s plataformas de\n            acesso \u00e0s e bolsas e aux\u00edlios e do Restaurante\n            Universit\u00e1rio<\/div>\n        \n        <div class=\"secao-progresso\">\n            <div class=\"barra-fundo\">\n                <div class=\"barra-preenchimento\" style=\"width: 100%;\"><\/div>\n            <\/div>\n            <span class=\"porcentagem\">100%<\/span>\n        <\/div>\n    <\/div>\n<\/a>\n    <!--IE4-->\n<a href=\"https:\/\/estrategia.ufac.br\/?page_id=2706\" style=\"text-decoration:none;\">\n    <div class=\"container-indicador\">\n        <span class=\"codigo-item\">IE4<\/span>\n        <div class=\"titulo-item\">Programa de Acompanhamento dos bolsistas da\n            Proaes em conjunto com as coordena\u00e7\u00f5es e\n            docentes dos respectivos cursos.<\/div>\n        \n        <div class=\"secao-progresso\">\n            <div class=\"barra-fundo\">\n                <div class=\"barra-preenchimento\" style=\"width: 25%;\"><\/div>\n            <\/div>\n            <span class=\"porcentagem\">25%<\/span>\n        <\/div>\n    <\/div>\n<\/a>\n     <!--IE5-->\n<a href=\"https:\/\/estrategia.ufac.br\/?page_id=2714\" style=\"text-decoration:none;\">\n    <div class=\"container-indicador\">\n        <span class=\"codigo-item\">IE5<\/span>\n        <div class=\"titulo-item\">Elabora\u00e7\u00e3o da Pol\u00edtica de Assist\u00eancia Estudantil<\/div>\n        \n        <div class=\"secao-progresso\">\n            <div class=\"barra-fundo\">\n                <div class=\"barra-preenchimento\" style=\"width: 25%;\"><\/div>\n            <\/div>\n            <span class=\"porcentagem\">25%<\/span>\n        <\/div>\n    <\/div>\n<\/a>\n     <!--IE6-->\n<a href=\"https:\/\/estrategia.ufac.br\/?page_id=2723\" style=\"text-decoration:none;\">\n    <div class=\"container-indicador\">\n        <span class=\"codigo-item\">IE6<\/span>\n        <div class=\"titulo-item\">Programa de Comunica\u00e7\u00e3o com a Comunidade\n            Discente e representa\u00e7\u00f5es Estudantis<\/div>\n        \n        <div class=\"secao-progresso\">\n            <div class=\"barra-fundo\">\n                <div class=\"barra-preenchimento\" style=\"width: 20%;\"><\/div>\n            <\/div>\n            <span class=\"porcentagem\">20%<\/span>\n        <\/div>\n    <\/div>\n<\/a>\n     <!--IE8-->\n<a href=\"https:\/\/estrategia.ufac.br\/?page_id=2723\" style=\"text-decoration:none;\">\n     <div class=\"container-indicador\">\n        <span class=\"codigo-item\">IE8<\/span>\n        <div class=\"titulo-item\">Amplia\u00e7\u00e3o dos servi\u00e7os oferecidos pelo NAI<\/div>\n        \n        <div class=\"secao-progresso\">\n            <div class=\"barra-fundo\">\n                <div class=\"barra-preenchimento\" style=\"width: 95%;\"><\/div>\n            <\/div>\n            <span class=\"porcentagem\">95%<\/span>\n        <\/div>\n    <\/div>\n<\/a>\n <!--IE9-->\n<a href=\"https:\/\/estrategia.ufac.br\/?page_id=2745\" style=\"text-decoration:none;\">\n    <div class=\"container-indicador\">\n        <span class=\"codigo-item\">IE9<\/span>\n        <div class=\"titulo-item\">Elabora\u00e7\u00e3o da Pol\u00edtica de Inclus\u00e3o e acessibilidade<\/div>\n        \n        <div class=\"secao-progresso\">\n            <div class=\"barra-fundo\">\n                <div class=\"barra-preenchimento\" style=\"width: 50%;\"><\/div>\n            <\/div>\n            <span class=\"porcentagem\">50%<\/span>\n        <\/div>\n    <\/div>\n     <!--IE10-->\n<a href=\"https:\/\/estrategia.ufac.br\/?page_id=2753\" style=\"text-decoration:none;\">\n    <div class=\"container-indicador\">\n        <span class=\"codigo-item\">IE10<\/span>\n        <div class=\"titulo-item\">Programa de Forma\u00e7\u00e3o continuada \u00e0 comunidade\n            universit\u00e1ria acerca das tem\u00e1ticas de inclus\u00e3o,\n            acessibilidade e atua\u00e7\u00e3o docente com estudantes\n            com defici\u00eancia<\/div>\n        \n        <div class=\"secao-progresso\">\n            <div class=\"barra-fundo\">\n                <div class=\"barra-preenchimento\" style=\"width: 10%;\"><\/div>\n            <\/div>\n            <span class=\"porcentagem\">10%<\/span>\n        <\/div>\n    <\/div>\n<\/a>\n\n\t\t\t\t<\/div>\n\t\t\t\t<\/div>\n\t\t\t\t\t<\/div>\n\t\t\t\t<\/div>\n\t\t\t\t<\/div>\n\t\t","protected":false},"excerpt":{"rendered":"<p>PROAES &#8211; Iniciativas Estrat\u00e9gicas IE2 Cria\u00e7\u00e3o de Programas de A\u00e7\u00f5es Afirmativas com a oferta de bolsas e aux\u00edlios 65% IE3 Desburocratiza\u00e7\u00e3o do acesso \u00e0s plataformas de acesso \u00e0s e bolsas e aux\u00edlios e do Restaurante Universit\u00e1rio 100% IE4 Programa de Acompanhamento dos bolsistas da Proaes em conjunto com as coordena\u00e7\u00f5es e docentes dos respectivos cursos.&hellip; <a class=\"more-link\" href=\"https:\/\/estrategia.ufac.br\/?page_id=2670\">Continue lendo <span class=\"screen-reader-text\">PROAES &#8211; Iniciativas Estrat\u00e9gicas<\/span><\/a><\/p>\n","protected":false},"author":1,"featured_media":0,"parent":0,"menu_order":0,"comment_status":"closed","ping_status":"closed","template":"","meta":{"footnotes":""},"class_list":["post-2670","page","type-page","status-publish","hentry","entry"],"_links":{"self":[{"href":"https:\/\/estrategia.ufac.br\/index.php?rest_route=\/wp\/v2\/pages\/2670"}],"collection":[{"href":"https:\/\/estrategia.ufac.br\/index.php?rest_route=\/wp\/v2\/pages"}],"about":[{"href":"https:\/\/estrategia.ufac.br\/index.php?rest_route=\/wp\/v2\/types\/page"}],"author":[{"embeddable":true,"href":"https:\/\/estrategia.ufac.br\/index.php?rest_route=\/wp\/v2\/users\/1"}],"replies":[{"embeddable":true,"href":"https:\/\/estrategia.ufac.br\/index.php?rest_route=%2Fwp%2Fv2%2Fcomments&post=2670"}],"version-history":[{"count":28,"href":"https:\/\/estrategia.ufac.br\/index.php?rest_route=\/wp\/v2\/pages\/2670\/revisions"}],"predecessor-version":[{"id":2760,"href":"https:\/\/estrategia.ufac.br\/index.php?rest_route=\/wp\/v2\/pages\/2670\/revisions\/2760"}],"wp:attachment":[{"href":"https:\/\/estrategia.ufac.br\/index.php?rest_route=%2Fwp%2Fv2%2Fmedia&parent=2670"}],"curies":[{"name":"wp","href":"https:\/\/api.w.org\/{rel}","templated":true}]}}