{"id":251,"date":"2014-11-06T20:59:24","date_gmt":"2014-11-07T01:59:24","guid":{"rendered":"http:\/\/estrategia.ufac.br\/?page_id=251"},"modified":"2024-11-06T18:20:09","modified_gmt":"2024-11-06T23:20:09","slug":"arquivo","status":"publish","type":"page","link":"https:\/\/estrategia.ufac.br\/?page_id=251","title":{"rendered":"Documentos"},"content":{"rendered":"\n<div class=\"wp-block-group has-global-padding is-layout-constrained wp-block-group-is-layout-constrained\">\n<p class=\"has-scale-up-03-font-size\">Matriz SWOT\/PESTAL<\/p>\n\n\n\n<p>A an\u00e1lise SWOT objetiva a an\u00e1lise dos fatores internos e externos que geram influ\u00eancia sobre a organiza\u00e7\u00e3o. \u00c9 uma ferramenta utilizada para an\u00e1lises de cen\u00e1rios organizacionais, evidenciando as for\u00e7a e fraquezas do ambiente da organiza\u00e7\u00e3o, as oportunidades que a organiza\u00e7\u00e3o poder\u00e1 aproveitar e as principais amea\u00e7as que podem prejudicar a sua atua\u00e7\u00e3o. <\/p>\n\n\n\n<p>A an\u00e1lise PESTAL tamb\u00e9m \u00e9 uma ferramenta essencial para a an\u00e1lise da entrada de qualquer institui\u00e7\u00e3o no mercado ou na rean\u00e1lise do seu posicionamento em rela\u00e7\u00e3o \u00e0s institui\u00e7\u00f5es j\u00e1 existentes. Ela se baseia na an\u00e1lise dos fatores externos \u00e0 institui\u00e7\u00e3o que podem influenci\u00e1-la direta ou indiretamente, permitindo o aprofundamento da vis\u00e3o das seguintes dimens\u00f5es: pol\u00edtica, econ\u00f4mica, social, tecnol\u00f3gica, ambiental e legal. <\/p>\n\n\n\n<p>O trabalho cruzou as duas ferramentas, aplicando a PESTAL para an\u00e1lise do ambiente externo da Ufac (amea\u00e7as e oportunidades).<\/p>\n\n\n\n<div class=\"wp-block-group is-nowrap is-layout-flex wp-container-core-group-is-layout-1 wp-block-group-is-layout-flex\">\n<div class=\"wp-block-buttons is-layout-flex wp-block-buttons-is-layout-flex\">\n<div class=\"wp-block-button has-custom-width wp-block-button__width-100\"><a class=\"wp-block-button__link wp-element-button\" href=\"https:\/\/estrategia.ufac.br\/wp-content\/uploads\/2014\/11\/Matriz-SWOT-DOCUMENTOS-SITE.pdf\">Matriz SWOT\/PESTAL<\/a><\/div>\n<\/div>\n<\/div>\n\n\n\n<hr class=\"wp-block-separator has-alpha-channel-opacity\"\/>\n<\/div>\n\n\n\n<div class=\"wp-block-group has-global-padding is-layout-constrained wp-block-group-is-layout-constrained\">\n<p class=\"has-scale-up-03-font-size\">Cadeia de Valor<\/p>\n\n\n\n<p>A cadeia de valor auxilia substancialmente o entendimento do modelo de neg\u00f3cio da institui\u00e7\u00e3o, de forma a possibilitar maior clareza sobre como o p\u00fablico-alvo da institui\u00e7\u00e3o \u00e9 atendido e quais os principais processos envolvidos geram o valor p\u00fablico esperado pela sociedade.<\/p>\n\n\n\n<p>A partir de uma representa\u00e7\u00e3o gr\u00e1fica de seus principais macroprocessos, a Ufac busca uma l\u00f3gica de estruturar e comunicar internamente e externamente o que e como pretende agregar valor para seus benefici\u00e1rios. A palavra-chave aqui \u00e9 macroprocesso que pode ser entendido como um conjunto de processos executados de forma ordenada, em uma ou mais unidades, para o cumprimento de objetivos e metas da institui\u00e7\u00e3o.<\/p>\n\n\n\n<p>A Cadeia de Valor da Ufac segue a defini\u00e7\u00e3o conceitual, organizando os macroprocessos da institui\u00e7\u00e3o em tr\u00eas perspectivas: Macroprocessos de Suporte, Macroprocessos de Governan\u00e7a e Macroprocessos Final\u00edsticos.<\/p>\n\n\n\n<div class=\"wp-block-group is-nowrap is-layout-flex wp-container-core-group-is-layout-3 wp-block-group-is-layout-flex\">\n<div class=\"wp-block-buttons is-layout-flex wp-block-buttons-is-layout-flex\">\n<div class=\"wp-block-button has-custom-width wp-block-button__width-100\"><a class=\"wp-block-button__link wp-element-button\" href=\"https:\/\/estrategia.ufac.br\/wp-content\/uploads\/2024\/11\/Cadeia-de-Valor-Ufac-1.pdf\">Cadeia de Valor<\/a><\/div>\n<\/div>\n<\/div>\n<\/div>\n\n\n\n<hr class=\"wp-block-separator has-alpha-channel-opacity\"\/>\n\n\n\n<div class=\"wp-block-group has-global-padding is-layout-constrained wp-block-group-is-layout-constrained\">\n<p class=\"has-scale-up-03-font-size\">Mapa Estrat\u00e9gico<\/p>\n\n\n\n<p>O mapa estrat\u00e9gico \u00e9 a representa\u00e7\u00e3o visual da estrat\u00e9gia, apresentando a miss\u00e3o, a vis\u00e3o e os valores e descrevendo a estrat\u00e9gia por meio de objetivos estrat\u00e9gicos relacionados entre si e distribu\u00eddos em perspectivas organizacionais. <\/p>\n\n\n\n<p>Os objetivos estrat\u00e9gicos s\u00e3o organizados a partir das seguintes perspectivas:<\/p>\n\n\n\n<ul class=\"wp-block-list\">\n<li>Perspectiva de Resultados Institucionais: re\u00fane as transforma\u00e7\u00f5es desejadas para atender as demandas da sociedade, ou seja, representam os grandes resultados da Ufac;<\/li>\n\n\n\n<li>Perspectiva de Atua\u00e7\u00e3o Institucional: orienta os desafios a serem superados para o desenvolvimento da capacidade dos processos final\u00edsticos e de apoio da Ufac; e<\/li>\n\n\n\n<li>Perspectiva de Aprendizado e Crescimento: representa as transforma\u00e7\u00f5es necess\u00e1rias relacionados a pessoas, \u00e0 infraestrutura e \u00e0 tecnologia da informa\u00e7\u00e3o para garantir que os processos e a estrat\u00e9gia organizacional sejam alcan\u00e7ados.<\/li>\n<\/ul>\n\n\n\n<div class=\"wp-block-group is-nowrap is-layout-flex wp-container-core-group-is-layout-5 wp-block-group-is-layout-flex\">\n<div class=\"wp-block-buttons is-layout-flex wp-block-buttons-is-layout-flex\">\n<div class=\"wp-block-button has-custom-width wp-block-button__width-100\"><a class=\"wp-block-button__link wp-element-button\" href=\"https:\/\/estrategia.ufac.br\/wp-content\/uploads\/2014\/11\/mapa_17.10.png\">Mapa Estrat\u00e9gico<\/a><\/div>\n<\/div>\n<\/div>\n\n\n\n<hr class=\"wp-block-separator has-alpha-channel-opacity\"\/>\n<\/div>\n\n\n\n<div class=\"wp-block-group has-global-padding is-layout-constrained wp-block-group-is-layout-constrained\">\n<p class=\"has-scale-up-03-font-size\">Pain\u00e9is de Desdobramento<\/p>\n\n\n\n<p>O modelo de desdobramento da estrat\u00e9gia definido para a Ufac considera os elementos do BSC definidos na dimens\u00e3o corporativa e se baseia na abordagem do OKR (Objectives and Key Results) para o alinhamento setorial.<\/p>\n\n\n\n<p>A partir dos objetivos e metas institucionais da Ufac, foram elaborados pain\u00e9is de desdobramento das unidades. Trata-se da sele\u00e7\u00e3o de objetivos de contribui\u00e7\u00e3o da unidade para a institui\u00e7\u00e3o e defini\u00e7\u00e3o de objetivos setoriais. Para cada objetivo foram definidas metas setoriais\/resultados-chaves desdobradas das metas institucionais, formando os Pain\u00e9is de Desdobramento (\u201cmapas setoriais\u201d). <\/p>\n\n\n\n<p>A proposta \u00e9 garantir alinhamento de toda a organiza\u00e7\u00e3o ao direcionamento estrat\u00e9gico institucional<\/p>\n\n\n\n<div class=\"wp-block-group is-nowrap is-layout-flex wp-container-core-group-is-layout-7 wp-block-group-is-layout-flex\">\n<div class=\"wp-block-buttons is-layout-flex wp-block-buttons-is-layout-flex\">\n<div class=\"wp-block-button has-custom-width wp-block-button__width-100\"><a class=\"wp-block-button__link wp-element-button\" href=\"https:\/\/estrategia.ufac.br\/?page_id=1730\">Pain\u00e9is de Desdobramento<\/a><\/div>\n<\/div>\n<\/div>\n\n\n\n<hr class=\"wp-block-separator has-alpha-channel-opacity\"\/>\n<\/div>\n\n\n\n<p><\/p>\n","protected":false},"excerpt":{"rendered":"<p>Matriz SWOT\/PESTAL A an\u00e1lise SWOT objetiva a an\u00e1lise dos fatores internos e externos que geram influ\u00eancia sobre a organiza\u00e7\u00e3o. \u00c9 uma ferramenta utilizada para an\u00e1lises de cen\u00e1rios organizacionais, evidenciando as for\u00e7a e fraquezas do ambiente da organiza\u00e7\u00e3o, as oportunidades que a organiza\u00e7\u00e3o poder\u00e1 aproveitar e as principais amea\u00e7as que podem prejudicar a sua atua\u00e7\u00e3o. A&hellip; <a class=\"more-link\" href=\"https:\/\/estrategia.ufac.br\/?page_id=251\">Continue lendo <span class=\"screen-reader-text\">Documentos<\/span><\/a><\/p>\n","protected":false},"author":1,"featured_media":0,"parent":0,"menu_order":0,"comment_status":"closed","ping_status":"closed","template":"","meta":{"footnotes":""},"class_list":["post-251","page","type-page","status-publish","hentry","entry"],"_links":{"self":[{"href":"https:\/\/estrategia.ufac.br\/index.php?rest_route=\/wp\/v2\/pages\/251"}],"collection":[{"href":"https:\/\/estrategia.ufac.br\/index.php?rest_route=\/wp\/v2\/pages"}],"about":[{"href":"https:\/\/estrategia.ufac.br\/index.php?rest_route=\/wp\/v2\/types\/page"}],"author":[{"embeddable":true,"href":"https:\/\/estrategia.ufac.br\/index.php?rest_route=\/wp\/v2\/users\/1"}],"replies":[{"embeddable":true,"href":"https:\/\/estrategia.ufac.br\/index.php?rest_route=%2Fwp%2Fv2%2Fcomments&post=251"}],"version-history":[{"count":73,"href":"https:\/\/estrategia.ufac.br\/index.php?rest_route=\/wp\/v2\/pages\/251\/revisions"}],"predecessor-version":[{"id":1798,"href":"https:\/\/estrategia.ufac.br\/index.php?rest_route=\/wp\/v2\/pages\/251\/revisions\/1798"}],"wp:attachment":[{"href":"https:\/\/estrategia.ufac.br\/index.php?rest_route=%2Fwp%2Fv2%2Fmedia&parent=251"}],"curies":[{"name":"wp","href":"https:\/\/api.w.org\/{rel}","templated":true}]}}