{"id":1249,"date":"2024-10-21T16:54:21","date_gmt":"2024-10-21T21:54:21","guid":{"rendered":"http:\/\/estrategia.ufac.br\/?page_id=1249"},"modified":"2026-04-10T09:59:20","modified_gmt":"2026-04-10T14:59:20","slug":"estruturacao-e-modernizacao-do-parque-zoobotanico-da-ufac","status":"publish","type":"page","link":"https:\/\/estrategia.ufac.br\/?page_id=1249","title":{"rendered":"Estrutura\u00e7\u00e3o e Moderniza\u00e7\u00e3o do Parque Zoobot\u00e2nico"},"content":{"rendered":"\n<p>O objetivo deste projeto \u00e9 a<span class=\"OYPEnA font-feature-liga-off font-feature-clig-off font-feature-calt-off text-decoration-none text-strikethrough-none\">mpliar e modernizar as estruturas do Parque Zoobot\u00e2nico e difundir esse experimento de sucesso.<\/span><\/p>\n\n\n\n<h2 class=\"wp-block-heading\"><span class=\"OYPEnA font-feature-liga-off font-feature-clig-off font-feature-calt-off text-decoration-none text-strikethrough-none\">Unidade Respons\u00e1vel<\/span><\/h2>\n\n\n\n<p><span class=\"OYPEnA font-feature-liga-off font-feature-clig-off font-feature-calt-off text-decoration-none text-strikethrough-none\">Parque Zoobot\u00e2nico<\/span><\/p>\n\n\n\n<h2 class=\"wp-block-heading\"><span class=\"OYPEnA font-feature-liga-off font-feature-clig-off font-feature-calt-off text-decoration-none text-strikethrough-none\">L\u00edder do Projeto<\/span><\/h2>\n\n\n\n<p>Harley Ara\u00fajo da Silva<\/p>\n\n\n\n<h2 class=\"wp-block-heading\"><span class=\"OYPEnA font-feature-liga-off font-feature-clig-off font-feature-calt-off text-decoration-none text-strikethrough-none\">Tempo Estimado<\/span><\/h2>\n\n\n\n<p><span class=\"OYPEnA font-feature-liga-off font-feature-clig-off font-feature-calt-off text-decoration-none text-strikethrough-none\">22 meses<\/span><\/p>\n\n\n\n<h2 class=\"wp-block-heading\"><span class=\"OYPEnA font-feature-liga-off font-feature-clig-off font-feature-calt-off text-decoration-none text-strikethrough-none\">Custo Estimado<\/span><\/h2>\n\n\n\n<p><span class=\"OYPEnA font-feature-liga-off font-feature-clig-off font-feature-calt-off text-decoration-none text-strikethrough-none\">R$ 23.570.000,00<\/span><\/p>\n\n\n\n<h2 class=\"wp-block-heading\"><span class=\"OYPEnA font-feature-liga-off font-feature-clig-off font-feature-calt-off text-decoration-none text-strikethrough-none\">A\u00e7\u00f5es do Projeto<\/span><\/h2>\n\n\n\n<ul class=\"wp-block-list\">\n<li><span class=\"OYPEnA font-feature-liga-off font-feature-clig-off font-feature-calt-off text-decoration-none text-strikethrough-none\">Planejamento da estrutura\u00e7\u00e3o e moderniza\u00e7\u00e3o do PZ<\/span><\/li>\n\n\n\n<li><span class=\"OYPEnA font-feature-liga-off font-feature-clig-off font-feature-calt-off text-decoration-none text-strikethrough-none\">Constru\u00e7\u00e3o de uma via de acesso entre a administra\u00e7\u00e3o do PZ e o viveiro de produ\u00e7\u00e3o de mudas, integrada ao campus da UFAC<\/span><\/li>\n\n\n\n<li><span class=\"OYPEnA font-feature-liga-off font-feature-clig-off font-feature-calt-off text-decoration-none text-strikethrough-none\">Constru\u00e7\u00e3o de cal\u00e7adas cobertas para promover a integra\u00e7\u00e3o f\u00edsica entre os setores do PZ<\/span><\/li>\n\n\n\n<li><span class=\"OYPEnA font-feature-liga-off font-feature-clig-off font-feature-calt-off text-decoration-none text-strikethrough-none\">Constru\u00e7\u00e3o do novo pr\u00e9dio do Herb\u00e1rio<\/span><\/li>\n\n\n\n<li><span class=\"OYPEnA font-feature-liga-off font-feature-clig-off font-feature-calt-off text-decoration-none text-strikethrough-none\">Constru\u00e7\u00e3o do Anexo do Lasfac (\u00e1rea de secagem, beneficiamento, c\u00e2mara \u00famida, casa de vegeta\u00e7\u00e3o e sala de germina\u00e7\u00e3o) <\/span><\/li>\n\n\n\n<li><span class=\"OYPEnA font-feature-liga-off font-feature-clig-off font-feature-calt-off text-decoration-none text-strikethrough-none\">Constru\u00e7\u00e3o de estruturas culturais voltadas para a Educa\u00e7\u00e3o Ambiental, como a casa do seringueiro<\/span><\/li>\n\n\n\n<li><span class=\"OYPEnA font-feature-liga-off font-feature-clig-off font-feature-calt-off text-decoration-none text-strikethrough-none\">Constru\u00e7\u00e3o de tr\u00eas guaritas para vigilantes, sendo uma na administra\u00e7\u00e3o do PZ, uma no viveiro e uma na entrada da trilha principal, localizada ao final do bloco da Engenharia El\u00e9trica<\/span><\/li>\n\n\n\n<li><span class=\"OYPEnA font-feature-liga-off font-feature-clig-off font-feature-calt-off text-decoration-none text-strikethrough-none\">Constru\u00e7\u00e3o de um espa\u00e7o para conviv\u00eancia<\/span><\/li>\n\n\n\n<li><span class=\"OYPEnA font-feature-liga-off font-feature-clig-off font-feature-calt-off text-decoration-none text-strikethrough-none\">Interven\u00e7\u00f5es na trilha principal do PZ para proporcionar acessibilidade, orienta\u00e7\u00e3o e seguran\u00e7a aos usu\u00e1rios<\/span><\/li>\n\n\n\n<li><span class=\"OYPEnA font-feature-liga-off font-feature-clig-off font-feature-calt-off text-decoration-none text-strikethrough-none\">Reforma e adequa\u00e7\u00e3o dos pr\u00e9dios existentes no PZ, garantindo acessibilidade e a implementa\u00e7\u00e3o de pr\u00e1ticas sustent\u00e1veis, como efici\u00eancia energ\u00e9tica com uso de energia solar, re\u00faso de \u00e1gua, automa\u00e7\u00e3o e sensores de presen\u00e7a<\/span><\/li>\n\n\n\n<li><span class=\"OYPEnA font-feature-liga-off font-feature-clig-off font-feature-calt-off text-decoration-none text-strikethrough-none\">Reforma do viveiro de produ\u00e7\u00e3o de mudas<\/span><\/li>\n\n\n\n<li><span class=\"OYPEnA font-feature-liga-off font-feature-clig-off font-feature-calt-off text-decoration-none text-strikethrough-none\">Reforma e amplia\u00e7\u00e3o da estrutura para prote\u00e7\u00e3o dos limites da \u00e1rea do PZ <\/span><\/li>\n\n\n\n<li><span class=\"OYPEnA font-feature-liga-off font-feature-clig-off font-feature-calt-off text-decoration-none text-strikethrough-none\">Reforma do pr\u00e9dio do Arboreto<\/span><\/li>\n\n\n\n<li><span class=\"OYPEnA font-feature-liga-off font-feature-clig-off font-feature-calt-off text-decoration-none text-strikethrough-none\">Reforma do laborat\u00f3rio de entomologia e do melipon\u00e1rio do PZ<\/span><\/li>\n\n\n\n<li><span class=\"OYPEnA font-feature-liga-off font-feature-clig-off font-feature-calt-off text-decoration-none text-strikethrough-none\">Estudo de viabilidade para constru\u00e7\u00e3o da trilha ecol\u00f3gica sensorial <\/span><\/li>\n\n\n\n<li><span class=\"OYPEnA font-feature-liga-off font-feature-clig-off font-feature-calt-off text-decoration-none text-strikethrough-none\">Constru\u00e7\u00e3o de trilha ecol\u00f3gica sensorial<\/span><\/li>\n\n\n\n<li><span class=\"OYPEnA font-feature-liga-off font-feature-clig-off font-feature-calt-off text-decoration-none text-strikethrough-none\">Readequa\u00e7\u00e3o do atual pr\u00e9dio do Herb\u00e1rio UFACPZ para atender \u00e0s necessidades administrativas de outros setores do PZ<\/span><\/li>\n\n\n\n<li><span class=\"OYPEnA font-feature-liga-off font-feature-clig-off font-feature-calt-off text-decoration-none text-strikethrough-none\">Readequa\u00e7\u00e3o do espa\u00e7o da cozinha para um almoxarifado<\/span><\/li>\n\n\n\n<li><span class=\"OYPEnA font-feature-liga-off font-feature-clig-off font-feature-calt-off text-decoration-none text-strikethrough-none\">Amplia\u00e7\u00e3o do estacionamento da administra\u00e7\u00e3o do PZ e constru\u00e7\u00e3o do estacionamento do Viveiro<\/span><\/li>\n\n\n\n<li><span class=\"OYPEnA font-feature-liga-off font-feature-clig-off font-feature-calt-off text-decoration-none text-strikethrough-none\">Manuten\u00e7\u00e3o dos a\u00e7udes (do viveiro 50x100m, da piaba 40x65m)<\/span><\/li>\n\n\n\n<li><span class=\"OYPEnA font-feature-liga-off font-feature-clig-off font-feature-calt-off text-decoration-none text-strikethrough-none\">Estudos de flora e fauna do PZ<\/span><\/li>\n\n\n\n<li>A\u00e7\u00f5es para realizar diagn\u00f3stico da qualidade da \u00e1gua dos a\u00e7udes e Igarap\u00e9 Dias Martins e sua mata ciliar<\/li>\n<\/ul>\n\n\n\n<h2 class=\"wp-block-heading\">Evolu\u00e7\u00e3o do Projeto<\/h2>\n\n\n\n<figure class=\"wp-block-table is-style-regular\"><table class=\"has-fixed-layout\"><thead><tr><th><strong>Principais Realiza\u00e7\u00f5es<\/strong><\/th><th class=\"has-text-align-center\" data-align=\"center\"><strong>Pr\u00f3ximos Passos<\/strong><\/th><\/tr><\/thead><tbody><tr><td>A\u00e7\u00e3o 1 &#8211; Planejamento da estrutura\u00e7\u00e3o e moderniza\u00e7\u00e3o do PZ conclu\u00eddo<\/td><td class=\"has-text-align-center\" data-align=\"center\" rowspan=\"6\">\nExplorar alternativas de capta\u00e7\u00e3o de recursos para viabilizar as a\u00e7\u00f5es n\u00e3o pass\u00edveis de apoio financeiro pela Ufac.\n<\/td><\/tr><tr><td>A\u00e7\u00e3o 3 &#8211; Elabora\u00e7\u00e3o de projeto preliminar da constru\u00e7\u00e3o de passarelas cobertas, acompanhado de estimativa or\u00e7ament\u00e1ria para a execu\u00e7\u00e3o da obra.<\/td><\/tr><tr><td>A\u00e7\u00e3o 4 &#8211; Elabora\u00e7\u00e3o do projeto de constru\u00e7\u00e3o do novo pr\u00e9dio do Herb\u00e1rio.<\/td><\/tr><tr><td>A\u00e7\u00e3o 5 \u2013 Submiss\u00e3o de projeto no MMA para capta\u00e7\u00e3o de recursos para aquisi\u00e7\u00e3o de equipamentos laboratoriais, elabora\u00e7\u00e3o do projeto para constru\u00e7\u00e3o de um galp\u00e3o, instala\u00e7\u00e3o de uma c\u00e2mara climatizada seca e implanta\u00e7\u00e3o de um sistema de energia solar. O investimento estimado \u00e9 de R$ 1.215.000,00 e a proposta encontra-se atualmente em tramita\u00e7\u00e3o no MMA para an\u00e1lise e poss\u00edvel libera\u00e7\u00e3o dos recursos<\/td><\/tr><tr><td>A\u00e7\u00e3o 14 \u2013 Revitaliza\u00e7\u00e3o e amplia\u00e7\u00e3o do melipon\u00e1rio do Parque Zoobot\u00e2nico (PZ), com a aquisi\u00e7\u00e3o de 30 novas caixas racionais destinadas \u00e0 cria\u00e7\u00e3o de abelhas sem ferr\u00e3o<\/td><\/tr><tr><td>A\u00e7\u00e3o 20 \u2013 Limpeza do espelho d\u2019\u00e1gua e das bordas dos lagos da Piaba e do Viveiro.<\/td><\/tr><\/tbody><\/table><\/figure>\n\n\n\n<figure class=\"wp-block-table is-style-regular\"><table class=\"has-fixed-layout\"><thead><tr><th class=\"has-text-align-center\" data-align=\"center\"><strong>Evolu\u00e7\u00e3o Or\u00e7ament\u00e1ria<\/strong><\/th><\/tr><\/thead><tbody><tr><td class=\"has-text-align-center\" data-align=\"center\">Investido em 2026: R$ 0,00<\/td><\/tr><\/tbody><\/table><\/figure>\n\n\n\n<div class=\"wp-block-group is-nowrap is-layout-flex wp-container-core-group-is-layout-1 wp-block-group-is-layout-flex\">\n<figure class=\"wp-block-image size-full is-resized\"><a href=\"https:\/\/estrategia.ufac.br\/wp-content\/uploads\/2025\/04\/image-3.png\"><img fetchpriority=\"high\" decoding=\"async\" width=\"517\" height=\"301\" src=\"https:\/\/estrategia.ufac.br\/wp-content\/uploads\/2025\/04\/image-3.png\" alt=\"\" class=\"wp-image-2022\" style=\"width:230px;height:auto\" srcset=\"https:\/\/estrategia.ufac.br\/wp-content\/uploads\/2025\/04\/image-3.png 517w, https:\/\/estrategia.ufac.br\/wp-content\/uploads\/2025\/04\/image-3-300x175.png 300w\" sizes=\"(max-width: 517px) 100vw, 517px\" \/><\/a><figcaption class=\"wp-element-caption\">Evolu\u00e7\u00e3o do Projeto<\/figcaption><\/figure>\n\n\n\n<p class=\"has-scale-up-02-font-size\"><\/p>\n<\/div>\n\n\n\n<p><strong>\u00daltima Atualiza\u00e7\u00e3o:<\/strong>&nbsp;31\/03\/2026<\/p>\n","protected":false},"excerpt":{"rendered":"<p>O objetivo deste projeto \u00e9 ampliar e modernizar as estruturas do Parque Zoobot\u00e2nico e difundir esse experimento de sucesso. Unidade Respons\u00e1vel Parque Zoobot\u00e2nico L\u00edder do Projeto Harley Ara\u00fajo da Silva Tempo Estimado 22 meses Custo Estimado R$ 23.570.000,00 A\u00e7\u00f5es do Projeto Evolu\u00e7\u00e3o do Projeto Principais Realiza\u00e7\u00f5es Pr\u00f3ximos Passos A\u00e7\u00e3o 1 &#8211; Planejamento da estrutura\u00e7\u00e3o e&hellip; <a class=\"more-link\" href=\"https:\/\/estrategia.ufac.br\/?page_id=1249\">Continue lendo <span class=\"screen-reader-text\">Estrutura\u00e7\u00e3o e Moderniza\u00e7\u00e3o do Parque Zoobot\u00e2nico<\/span><\/a><\/p>\n","protected":false},"author":1,"featured_media":0,"parent":960,"menu_order":0,"comment_status":"closed","ping_status":"closed","template":"","meta":{"footnotes":""},"class_list":["post-1249","page","type-page","status-publish","hentry","entry"],"_links":{"self":[{"href":"https:\/\/estrategia.ufac.br\/index.php?rest_route=\/wp\/v2\/pages\/1249"}],"collection":[{"href":"https:\/\/estrategia.ufac.br\/index.php?rest_route=\/wp\/v2\/pages"}],"about":[{"href":"https:\/\/estrategia.ufac.br\/index.php?rest_route=\/wp\/v2\/types\/page"}],"author":[{"embeddable":true,"href":"https:\/\/estrategia.ufac.br\/index.php?rest_route=\/wp\/v2\/users\/1"}],"replies":[{"embeddable":true,"href":"https:\/\/estrategia.ufac.br\/index.php?rest_route=%2Fwp%2Fv2%2Fcomments&post=1249"}],"version-history":[{"count":11,"href":"https:\/\/estrategia.ufac.br\/index.php?rest_route=\/wp\/v2\/pages\/1249\/revisions"}],"predecessor-version":[{"id":2383,"href":"https:\/\/estrategia.ufac.br\/index.php?rest_route=\/wp\/v2\/pages\/1249\/revisions\/2383"}],"up":[{"embeddable":true,"href":"https:\/\/estrategia.ufac.br\/index.php?rest_route=\/wp\/v2\/pages\/960"}],"wp:attachment":[{"href":"https:\/\/estrategia.ufac.br\/index.php?rest_route=%2Fwp%2Fv2%2Fmedia&parent=1249"}],"curies":[{"name":"wp","href":"https:\/\/api.w.org\/{rel}","templated":true}]}}