{"id":1122,"date":"2024-10-21T15:17:01","date_gmt":"2024-10-21T20:17:01","guid":{"rendered":"http:\/\/estrategia.ufac.br\/?page_id=1122"},"modified":"2026-04-10T07:37:06","modified_gmt":"2026-04-10T12:37:06","slug":"programa-ufac20","status":"publish","type":"page","link":"https:\/\/estrategia.ufac.br\/?page_id=1122","title":{"rendered":"Programa Ufac20"},"content":{"rendered":"\n<p>O Programa Ufac20 tem o prop\u00f3sito de pensar a Ufac no horizonte de 20 anos ampliando seu potencial em termos de cursos, pesquisa, pessoal e infraestrutura f\u00edsica. Tem sua continuidade por meio da execu\u00e7\u00e3o nos pr\u00f3ximos dez anos (2024-2033), considerando um conjunto de projetos estrat\u00e9gicos que visam o fortalecimento institucional no ensino, pesquisa, extens\u00e3o e inova\u00e7\u00e3o direcionados para o atingimento de sua vis\u00e3o e promovam impactos no processo de desenvolvimento sustent\u00e1vel do estado, contribuindo com os ODS e suas metas, aprovados pela ONU para o horizonte 2015-2030.<\/p>\n\n\n\n<h2 class=\"wp-block-heading\"><span class=\"OYPEnA font-feature-liga-off font-feature-clig-off font-feature-calt-off text-decoration-none text-strikethrough-none\">Unidade Respons\u00e1vel<\/span><\/h2>\n\n\n\n<p>Pr\u00f3-Reitoria de Planejamento<\/p>\n\n\n\n<h2 class=\"wp-block-heading\">L\u00edder do Programa<\/h2>\n\n\n\n<p>Alexandre Ricardo Hid<\/p>\n\n\n\n<h2 class=\"wp-block-heading\"><span class=\"OYPEnA font-feature-liga-off font-feature-clig-off font-feature-calt-off text-decoration-none text-strikethrough-none\">Tempo Estimado<\/span><\/h2>\n\n\n\n<p><span class=\"OYPEnA font-feature-liga-off font-feature-clig-off font-feature-calt-off text-decoration-none text-strikethrough-none\">10 anos<\/span><\/p>\n\n\n\n<h2 class=\"wp-block-heading\"><span class=\"OYPEnA font-feature-liga-off font-feature-clig-off font-feature-calt-off text-decoration-none text-strikethrough-none\">Custo Estimado<\/span><\/h2>\n\n\n\n<p><span class=\"OYPEnA font-feature-liga-off font-feature-clig-off font-feature-calt-off text-decoration-none text-strikethrough-none\">R$ 140.000.000,00<\/span><\/p>\n\n\n\n<h2 class=\"wp-block-heading\"><span class=\"OYPEnA font-feature-liga-off font-feature-clig-off font-feature-calt-off text-decoration-none text-strikethrough-none\">Projetos do Programa<\/span><\/h2>\n\n\n\n<ul class=\"wp-block-list is-style-default\">\n<li><span class=\"OYPEnA font-feature-liga-off font-feature-clig-off font-feature-calt-off text-decoration-none text-strikethrough-none\">Implanta\u00e7\u00e3o do Hospital Universit\u00e1rio no campus Sede<\/span> (CANCELADO)<\/li>\n\n\n\n<li>Implanta\u00e7\u00e3o de novos campi, com prioridade para o campus internacional de fronteira em Brasil\u00e9ia (Campus Fronteira do Alto Acre)<\/li>\n\n\n\n<li>Constru\u00e7\u00e3o das novas instala\u00e7\u00f5es do CAp no campus Sede<\/li>\n\n\n\n<li>Consolida\u00e7\u00e3o do complexo esportivo no campus Sede \u2013 conclus\u00e3o da pista de atletismo e constru\u00e7\u00e3o de gin\u00e1sio poliesportivo<\/li>\n\n\n\n<li>Consolida\u00e7\u00e3o do Centro de Antropologia e Arqueologia ind\u00edgena da Amaz\u00f4nia (CAAINAM)<\/li>\n\n\n\n<li>Implanta\u00e7\u00e3o do Centro de Forma\u00e7\u00e3o Musical<\/li>\n\n\n\n<li>Adequa\u00e7\u00e3o do Pal\u00e1cio da Cultura<\/li>\n\n\n\n<li>Iniciativas voltadas \u00e0 Sustentabilidade<\/li>\n<\/ul>\n\n\n\n<h2 class=\"wp-block-heading\">Evolu\u00e7\u00e3o do Programa<\/h2>\n\n\n\n<figure class=\"wp-block-table is-style-regular\"><table><thead><tr><th><strong>Projetos Iniciados<\/strong><\/th><th class=\"has-text-align-center\" data-align=\"center\"><strong>Descri\u00e7\u00e3o<\/strong><\/th><th class=\"has-text-align-center\" data-align=\"center\"><strong>Valor<\/strong><\/th><\/tr><\/thead><tbody><tr><td>Constru\u00e7\u00e3o das novas instala\u00e7\u00f5es do CAp no campus Sede<\/td><td class=\"has-text-align-center\" data-align=\"center\">Emenda de Bancada &#8211; Constru\u00e7\u00e3o do CAp no Campus Sede<\/td><td class=\"has-text-align-center\" data-align=\"center\">R$ 13.952.690,53<\/td><\/tr><tr><td>Implanta\u00e7\u00e3o do Campus Fronteira<\/td><td class=\"has-text-align-center\" data-align=\"center\">Fase 1: Elabora\u00e7\u00e3o de Projetos do Campus<br><br>Fase 2 &#8211; In\u00edcio da Obras do Campus Fronteira do Alto Acre<\/td><td class=\"has-text-align-center\" data-align=\"center\">R$ 927.928,10<br><br>R$ 5.000.000,00<\/td><\/tr><tr><td>Implanta\u00e7\u00e3o do Centro de Forma\u00e7\u00e3o Musical<\/td><td class=\"has-text-align-center\" data-align=\"center\">Projeto Bloco de M\u00fasica e Artes C\u00eanicas<br><br>Aquisi\u00e7\u00e3o de instrumentos musicais e art\u00edsticos<\/td><td class=\"has-text-align-center\" data-align=\"center\">R$ 18.861,34<br><br>R$ 334.559,00<\/td><\/tr><tr><td>Consolida\u00e7\u00e3o do Centro de Antropologia e Arqueologia <br>ind\u00edgena da Amaz\u00f4nia (CAAINAM)<\/td><td class=\"has-text-align-center\" data-align=\"center\">Adequa\u00e7\u00f5es de infraestrutura no CAAINAM<\/td><td class=\"has-text-align-center\" data-align=\"center\">R$ 448.891,63<\/td><\/tr><tr><td>Iniciativas voltadas \u00e0 Sustentabilidade<\/td><td class=\"has-text-align-center\" data-align=\"center\">Projeto de Desenvolvimento Institucional UFAC em A\u00e7\u00e3o: Acessibilidade, <br>inclus\u00e3o e Seguran\u00e7a.<br><br>Contrata\u00e7\u00e3o de Empresa para Servi\u00e7o de Invent\u00e1rio Patrimonial<\/td><td class=\"has-text-align-center\" data-align=\"center\">R$ 446.022,00<br><br>R$ 600.000,00<\/td><\/tr><\/tbody><\/table><\/figure>\n\n\n\n<h4 class=\"wp-block-heading has-text-align-left\"><\/h4>\n\n\n\n<div class=\"wp-block-group is-vertical is-layout-flex wp-container-core-group-is-layout-4 wp-block-group-is-layout-flex\">\n<div class=\"wp-block-group is-nowrap is-layout-flex wp-container-core-group-is-layout-3 wp-block-group-is-layout-flex\">\n<div class=\"wp-block-group is-vertical is-layout-flex wp-container-core-group-is-layout-2 wp-block-group-is-layout-flex\">\n<div class=\"wp-block-group is-nowrap is-layout-flex wp-container-core-group-is-layout-1 wp-block-group-is-layout-flex\">\n<figure class=\"wp-block-image size-full is-resized\"><a href=\"https:\/\/estrategia.ufac.br\/wp-content\/uploads\/2026\/04\/2a-REUNIAO-DE-AVALIACAO-DA-ESTRATEGIA-RAE.png\"><img fetchpriority=\"high\" decoding=\"async\" width=\"393\" height=\"197\" src=\"https:\/\/estrategia.ufac.br\/wp-content\/uploads\/2026\/04\/2a-REUNIAO-DE-AVALIACAO-DA-ESTRATEGIA-RAE.png\" alt=\"\" class=\"wp-image-2366\" style=\"width:203px;height:auto\" srcset=\"https:\/\/estrategia.ufac.br\/wp-content\/uploads\/2026\/04\/2a-REUNIAO-DE-AVALIACAO-DA-ESTRATEGIA-RAE.png 393w, https:\/\/estrategia.ufac.br\/wp-content\/uploads\/2026\/04\/2a-REUNIAO-DE-AVALIACAO-DA-ESTRATEGIA-RAE-300x150.png 300w\" sizes=\"(max-width: 393px) 100vw, 393px\" \/><\/a><figcaption class=\"wp-element-caption\">Evolu\u00e7\u00e3o do Programa<\/figcaption><\/figure>\n\n\n\n<p class=\"has-scale-up-02-font-size\"><\/p>\n<\/div>\n<\/div>\n<\/div>\n<\/div>\n\n\n\n<p class=\"has-scale-down-01-font-size\"><strong>\u00daltima Atualiza\u00e7\u00e3o:<\/strong> 31\/03\/2026<\/p>\n\n\n\n<p><\/p>\n","protected":false},"excerpt":{"rendered":"<p>O Programa Ufac20 tem o prop\u00f3sito de pensar a Ufac no horizonte de 20 anos ampliando seu potencial em termos de cursos, pesquisa, pessoal e infraestrutura f\u00edsica. Tem sua continuidade por meio da execu\u00e7\u00e3o nos pr\u00f3ximos dez anos (2024-2033), considerando um conjunto de projetos estrat\u00e9gicos que visam o fortalecimento institucional no ensino, pesquisa, extens\u00e3o e&hellip; <a class=\"more-link\" href=\"https:\/\/estrategia.ufac.br\/?page_id=1122\">Continue lendo <span class=\"screen-reader-text\">Programa Ufac20<\/span><\/a><\/p>\n","protected":false},"author":1,"featured_media":0,"parent":960,"menu_order":0,"comment_status":"closed","ping_status":"closed","template":"","meta":{"footnotes":""},"class_list":["post-1122","page","type-page","status-publish","hentry","entry"],"_links":{"self":[{"href":"https:\/\/estrategia.ufac.br\/index.php?rest_route=\/wp\/v2\/pages\/1122"}],"collection":[{"href":"https:\/\/estrategia.ufac.br\/index.php?rest_route=\/wp\/v2\/pages"}],"about":[{"href":"https:\/\/estrategia.ufac.br\/index.php?rest_route=\/wp\/v2\/types\/page"}],"author":[{"embeddable":true,"href":"https:\/\/estrategia.ufac.br\/index.php?rest_route=\/wp\/v2\/users\/1"}],"replies":[{"embeddable":true,"href":"https:\/\/estrategia.ufac.br\/index.php?rest_route=%2Fwp%2Fv2%2Fcomments&post=1122"}],"version-history":[{"count":38,"href":"https:\/\/estrategia.ufac.br\/index.php?rest_route=\/wp\/v2\/pages\/1122\/revisions"}],"predecessor-version":[{"id":2369,"href":"https:\/\/estrategia.ufac.br\/index.php?rest_route=\/wp\/v2\/pages\/1122\/revisions\/2369"}],"up":[{"embeddable":true,"href":"https:\/\/estrategia.ufac.br\/index.php?rest_route=\/wp\/v2\/pages\/960"}],"wp:attachment":[{"href":"https:\/\/estrategia.ufac.br\/index.php?rest_route=%2Fwp%2Fv2%2Fmedia&parent=1122"}],"curies":[{"name":"wp","href":"https:\/\/api.w.org\/{rel}","templated":true}]}}